se 8) in base 6?
-215202
Convert 5332 (base 8) to base 13.
1359
-1000011 (base 2) to base 6
-151
Convert 22222110 (base 3) to base 9.
8873
What is 437 (base 9) in base 2?
101100110
-120335 (base 6) to base 4
-2210003
What is -cd1 (base 14) in base 11?
-19a5
Convert -112666 (base 8) to base 14.
-dd78
What is 20002 (base 4) in base 7?
1333
Convert 3600 (base 7) to base 10.
1323
Convert -1666 (base 7) to base 16.
-2ad
-12b90 (base 13) to base 3
-1202220202
What is 4793 (base 15) in base 16?
3b6d
24645 (base 7) to base 13
2c61
-3202 (base 5) to base 7
-1150
-5128 (base 10) to base 11
-3942
-2c01 (base 14) to base 5
-222331
What is 11000 (base 6) in base 14?
7a0
Convert 10ad4 (base 14) to base 5.
2244222
What is 1110110100000111 (base 2) in base 12?
2b147
-14110 (base 5) to base 16
-483
What is 10001201 (base 3) in base 15?
9dd
Convert -15136 (base 8) to base 10.
-6750
What is 333 (base 4) in base 11?
58
-3221 (base 5) to base 2
-110110100
Convert 9879 (base 10) to base 16.
2697
What is 287b (base 14) in base 4?
1233331
What is -673 (base 11) in base 6?
-3422
What is 121433 (base 6) in base 7?
43224
What is 1266 (base 8) in base 9?
851
Convert -1105253 (base 6) to base 12.
-28229
Convert -1101001 (base 2) to base 12.
-89
What is 30212 (base 4) in base 6?
3422
Convert -2010210 (base 3) to base 4.
-120120
Convert -2a7b (base 12) to base 11.
-3828
3315 (base 16) to base 13
5c4c
What is 2228 (base 9) in base 8?
3156
Convert 34374 (base 10) to base 11.
2390a
Convert -3456 (base 7) to base 8.
-2362
Convert 38811 (base 9) to base 6.
321101
-416 (base 15) to base 10
-921
What is 285 (base 15) in base 4?
20333
2254 (base 7) to base 16
337
Convert 1239 (base 13) to base 15.
b73
What is 3e4b (base 16) in base 5?
1002242
Convert 558c (base 16) to base 2.
101010110001100
e57 (base 16) to base 13
1895
4010423 (base 5) to base 8
173406
What is 1cb (base 15) in base 8?
640
12022 (base 4) to base 5
3034
38145 (base 9) to base 5
1310022
What is 1cb3 (base 15) in base 5?
144433
Convert -251 (base 13) to base 14.
-20c
Convert 1342 (base 7) to base 5.
4040
Convert -150b (base 14) to base 10.
-3735
What is -2207 (base 13) in base 8?
-11203
-233 (base 14) to base 2
-110110101
10011100 (base 2) to base 11
132
Convert a83 (base 14) to base 16.
81b
What is 379d (base 15) in base 5?
334343
What is -690 (base 10) in base 13?
-411
What is 10060 (base 7) in base 10?
2443
Convert -18a3b (base 12) to base 11.
-250a0
Convert -1100111110100101 (base 2) to base 13.
-1b270
Convert 241414 (base 5) to base 3.
110022202
What is -1706 (base 13) in base 14?
-133c
What is -74302 (base 8) in base 15?
-925e
Convert 3246 (base 8) to base 9.
2301
-132 (base 4) to base 2
-11110
What is -42d (base 15) in base 4?
-32233
What is 6c36 (base 13) in base 5?
442010
What is -43 (base 11) in base 12?
-3b
Convert -1142210 (base 5) to base 15.
-65c0
Convert 36f (base 16) to base 3.
1012120
-815a (base 11) to base 10
-10834
What is -14324 (base 6) in base 5?
-33114
-21323 (base 5) to base 11
-1110
Convert -33003 (base 4) to base 12.
-683
What is -610b (base 12) in base 10?
-10523
Convert 101000011110100 (base 2) to base 8.
50364
-2068 (base 10) to base 11
-1610
What is -411 (base 6) in base 4?
-2113
What is 821a (base 11) in base 12?
6393
-1021021 (base 4) to base 6
-33401
Convert -923 (base 16) to base 6.
-14455
3c6 (base 15) to base 6
3553
775 (base 8) to base 6
2205
What is -1101100001 (base 2) in base 12?
-601
What is -2111 (base 3) in base 10?
-67
-20333 (base 4) to base 13
-353
2251 (base 8) to base 2
10010101001
Convert -1233313 (base 4) to base 16.
-1bf7
-54501 (base 6) to base 4
-1311211
1413 (base 5) to base 11
1a2
What is 11c (base 16) in base 15?
13e
Convert 1484 (base 14) to base 10.
3644
What is 111100001011 (base 2) in base 7?
14141
Convert -111010 (base 3) to base 5.
-2404
What is -210211 (base 3) in base 16?
-24d
Convert -3152 (base 8) to base 4.
-121222
-11010100000000 (base 2) to base 6
-142452
Convert -13 (base 11) to base 13.
-11
What is 2432320 (base 5) in base 10?
45960
Convert 1202130 (base 6) to base 7.
350532
70 (base 15) to base 11
96
What is 2121 (base 4) in base 11?
12a
What is -7307 (base 8) in base 6?
-25303
Convert 9a60 (base 15) to base 7.
164244
-11d (base 16) to base 14
-165
-222303 (base 5) to base 10
-7828
100100101010 (base 2) to base 15
a66
Convert 66e2 (base 16) to base 10.
26338
Convert -111034 (base 6) to base 5.
-244220
972 (base 13) to base 7
4464
Convert -12354 (base 7) to base 5.
-101043
What is -32351 (base 8) in base 2?
-11010011101001
Convert -167 (base 10) to base 11.
-142
Convert 2363 (base 7) to base 8.
1556
-1431 (base 6) to base 2
-101111011
Convert 375 (base 16) to base 15.
3e0
What is 20ad (base 15) in base 12?
4001
Convert 2a9 (base 15) to base 4.
21201
-65553 (base 10) to base 8
-200021
What is -212010111 (base 3) in base 14?
-6205
What is -13223 (base 4) in base 8?
-753
-88b1 (base 12) to base 10
-15109
-47bb (base 14) to base 10
-12513
458 (base 13) to base 16
2ed
What is 753a (base 11) in base 12?
5925
What is -8042 (base 11) in base 6?
-121302
Convert 3a05 (base 14) to base 12.
5a99
Convert -4052 (base 7) to base 12.
-995
a851 (base 12) to base 3
221100221
Convert 17da (base 14) to base 2.
1000011010100
Convert -34b6 (base 14) to base 9.
-13525
What is -1a20 (base 11) in base 3?
-10111221
-246 (base 8) to base 15
-b1
5555 (base 8) to base 5
43200
514 (base 6) to base 10
190
What is 453b (base 12) in base 16?
1dff
What is 420044 (base 6) in base 12?
17624
What is 2072 (base 8) in base 14?
574
What is -101000111 (base 2) in base 8?
-507
15590 (base 10) to base 4
3303212
-1001111 (base 2) to base 6
-211
Convert -9461 (base 13) to base 15.
-6138
3314 (base 5) to base 2
111001011
Convert ac6 (base 14) to base 16.
856
What is -1a0a7 (base 11) in base 13?
-ca11
Convert -23410 (base 5) to base 7.
-5021
What is -1891 (base 16) in base 10?
-6289
d6 (base 14) to base 4
2330
321 (base 6) to base 10
121
-35642 (base 9) to base 2
-101110100101100
-767 (base 8) to base 16
-1f7
What is 114421 (base 7) in base 9?
31461
What is 1121033 (base 4) in base 11?
4322
Convert 213032 (base 5) to base 3.
100222011
1323 (base 4) to base 16
7b
2951 (base 13) to base 3
22012112
What is -1046 (base 9) in base 3?
-1001120
Convert 4116 (base 10) to base 9.
5573
Convert -17cc (base 14) to base 4.
-1003020
-1110001011 (base 2) to base 16
-38b
What is -1440 (base 11) in base 16?
-743
What is 12312 (base 4) in base 6?
2010
Convert -41110 (base 6) to base 3.
-21110120
What is -33435 (base 11) in base 8?
-136466
Convert -29ae (base 16) to base 2.
-10100110101110
-1835 (base 11) to base 3
-10012120
512 (base 7) to base 10
254
Convert 1100012212 (base 3) to base 16.
6722
What is 29a (base 13) in base 3?
122020
13234 (base 8) to base 11
4392
What is 1307 (base 8) in base 14?
38b
25531 (base 7) to base 13
311b
-566 (base 10) to base 6
-2342
969 (base 16) to base 13
1134
161a (base 12) to base 13
1261
Convert 10011001 (base 2) to base 7.
306
-8c7 (base 16) to base 9
-3066
Convert -311334 (base 5) to base 2.
-10011111101011
What is 5604 (base 10) in base 7?
22224
What is 35b (base 16) in base 3?
1011211
220010101 (base 3) to base 5
1030322
Convert -298 (base 13) to base 14.
-251
-2230 (base 5) to base 11
-267
1001000110010 (base 2) to base 7
16403
Convert -602 (base 9) to base 6.
-2132
Convert -a18 (base 13) to base 15.
-791
What is 110110 (base 2) in base 12?
46
-112010100 (base 3) to base 16
-2838
What is 6dd (base 14) in base 7?
3666
-110210 (base 4) to base 9
-1722
Convert -4181 (base 9) to base 11.
-2341
4948 (base 14) to base 7
52221
Convert -142014 (base 5) to base 9.
-8057
-8630 (base 11) to base 4
-2302033
Convert -10a74 (base 11) to base 7.
-64310
What is -11c (base 16) in base 9?
-345
-30312 (base 9) to base 7
-112061
What is -41330 (base 5) in base 14?
-dbd
-10661 (base 9) to base 5
-211402
Convert 1430203 (base 5) to base 7.
153422
-77b (base 12) to base 2
-10001001111
Convert -122230 (base 7) to base 9.
-33664
e24 (base 16) to base 3
11222002
Convert -13024 (base 8) to base 15.
-1a1c
What is ea8 (base 15) in base 8?
6354
-1111020 (base 3) to base 10
-1086
What is 870 (base 10) in base 5?
11440
What is -340204 (base 5) in base 14?
-44c1
What is 3117 (base 8) in base 14?
8